{"id":440,"date":"2020-05-04T07:24:04","date_gmt":"2020-05-04T07:24:04","guid":{"rendered":"http:\/\/albert-schweitzer-schule-oe.de\/?page_id=440"},"modified":"2026-08-28T11:58:55","modified_gmt":"2026-08-28T11:58:55","slug":"termine","status":"publish","type":"page","link":"https:\/\/albert-schweitzer-schule-oe.de\/?page_id=440","title":{"rendered":"Termine"},"content":{"rendered":"\n<p><\/p>\n\n\n\n<h2 class=\"wp-block-heading has-luminous-vivid-orange-color has-text-color\">14.07.2025 &#8211; 01.09.2026<\/h2>\n\n\n\n<p>Sommerferien<\/p>\n\n\n\n<p><\/p>\n\n\n\n<p class=\"has-light-green-cyan-background-color has-background has-medium-font-size\">September 2026<\/p>\n\n\n\n<h2 class=\"wp-block-heading has-vivid-cyan-blue-color has-text-color\">Mittwoch, 02.09.2026<\/h2>\n\n\n\n<p><\/p>\n\n\n\n<p>Erster Schultag der Klassen 2 &#8211; 4<\/p>\n\n\n\n<p>Unterrichtszeit 8 bis 11.30 Uhr<\/p>\n\n\n\n<p><\/p>\n\n\n\n<p><\/p>\n\n\n\n<h2 class=\"wp-block-heading has-vivid-cyan-blue-color has-text-color\">Donnerstag, 03.09.2026<\/h2>\n\n\n\n<p>Einschulung: Gottesdienst in der Johanneskirche (09.00 Uhr), <\/p>\n\n\n\n<p>Einschulungsfeier in der Albert-Schweitzer-Schule (10.00 Uhr)<\/p>\n\n\n\n<p><\/p>\n\n\n\n<p><\/p>\n\n\n\n<p><\/p>\n\n\n\n<p class=\"has-vivid-cyan-blue-color has-text-color has-link-color has-medium-font-size wp-elements-7d5eee66c0c3e09dcb8d139d3145cc5b\">Montag, 14.09.2026<\/p>\n\n\n\n<p>19 Uhr Klassenpflegschaften der Klassen 3<\/p>\n\n\n\n<p><\/p>\n\n\n\n<p><\/p>\n\n\n\n<h2 class=\"wp-block-heading has-vivid-cyan-blue-color has-text-color has-link-color has-medium-font-size wp-elements-09af6f0b78459019e16620d0e9a6ffd1\">Mittwoch, 16.09.2026<\/h2>\n\n\n\n<p>19 Uhr Klassenpflegschaften der Klassen 2<\/p>\n\n\n\n<p><\/p>\n\n\n\n<p><\/p>\n\n\n\n<h2 class=\"wp-block-heading has-vivid-cyan-blue-color has-text-color has-link-color has-medium-font-size wp-elements-ee0fc183408a3e2d6231983fb92c22a8\">Donnerstag, 17.09.2026<\/h2>\n\n\n\n<p>19 Uhr Klassenpflegschaften der Klassen 4<\/p>\n\n\n\n<p><\/p>\n\n\n\n<p><\/p>\n\n\n\n<p><\/p>\n\n\n\n<h2 class=\"wp-block-heading has-vivid-cyan-blue-color has-text-color has-link-color has-medium-font-size wp-elements-627ac2711c2eb1cb959d3e413333d693\">21.09. &#8211; 23.09.2026<\/h2>\n\n\n\n<p>Klassenfahrt der 4. Klassen <\/p>\n\n\n\n<p><\/p>\n\n\n\n<p><\/p>\n\n\n\n<p><\/p>\n\n\n\n<p class=\"has-vivid-cyan-blue-color has-text-color has-link-color has-medium-font-size wp-elements-e98bfc5b37a868c18e7e74a1c86bea03\">Donnerstag, 24.09.2026<\/p>\n\n\n\n<p>18.30 Uhr Info-Abend Schulanmeldung<\/p>\n\n\n\n<p><\/p>\n\n\n\n<p><\/p>\n\n\n\n<p class=\"has-vivid-cyan-blue-color has-text-color has-link-color has-medium-font-size wp-elements-7c5f251d7ad4914fa43f1d1df146ef1a\">Montag, 28.09.2026<\/p>\n\n\n\n<p>18 Uhr Schulpflegschaft<\/p>\n\n\n\n<p>19 Uhr Schulkonferenz<\/p>\n\n\n\n<p><\/p>\n\n\n\n<p><\/p>\n\n\n\n<h2 class=\"wp-block-heading has-vivid-cyan-blue-color has-text-color has-link-color has-medium-font-size wp-elements-3b8e18600d60b85409e5401bf31acd62\">Mittwoch, 30.09.2026<\/h2>\n\n\n\n<p>Tag der offenen T\u00fcr 10 &#8211; 11.30 Uhr<\/p>\n\n\n\n<p><\/p>\n\n\n\n<p><\/p>\n\n\n\n<p class=\"has-light-green-cyan-background-color has-background has-medium-font-size\">Oktober 2026<\/p>\n\n\n\n<p class=\"has-vivid-cyan-blue-color has-text-color has-link-color has-medium-font-size wp-elements-3b0f84bb3f63f88f65ccf76268154636\">05.10. &#8211; 09.10.2026<\/p>\n\n\n\n<p>Schulanmeldung der zuk\u00fcnftigen Erstkl\u00e4sser f\u00fcr das Schuljahr 2027\/28<\/p>\n\n\n\n<p><\/p>\n\n\n\n<p><\/p>\n\n\n\n<h2 class=\"wp-block-heading has-luminous-vivid-orange-color has-text-color has-link-color has-medium-font-size wp-elements-5793a8927e0ddaf2be24f80b91bbf69e\">19.10.2026 &#8211; 01.11.2026<\/h2>\n\n\n\n<p>Herbstferien<\/p>\n\n\n\n<p><\/p>\n\n\n\n<p><\/p>\n\n\n\n<p><\/p>\n\n\n\n<p class=\"has-light-green-cyan-background-color has-background has-medium-font-size\">November 2026<\/p>\n\n\n\n<h2 class=\"wp-block-heading has-vivid-cyan-blue-color has-text-color\">Dienstag, 03.11.2026<\/h2>\n\n\n\n<p>Heureka Wettbewerb (Jahrgang 3 und 4)<\/p>\n\n\n\n<p><\/p>\n\n\n\n<p><\/p>\n\n\n\n<h2 class=\"wp-block-heading has-vivid-cyan-blue-color has-text-color has-link-color has-medium-font-size wp-elements-8f40996f7dad83c461abad64836a801f\">Freitag, 20.11.2026<\/h2>\n\n\n\n<p>Vorlesetag<\/p>\n\n\n\n<p><\/p>\n\n\n\n<p><\/p>\n\n\n\n<p class=\"has-vivid-cyan-blue-color has-text-color has-link-color has-medium-font-size wp-elements-20ab6937ffb87d57221e266bb3f21706\">Montag, 23.11. &#8211; Freitag, 27.11.2026<\/p>\n\n\n\n<p>Elternsprechtage der Klassen 1 bis 3<\/p>\n\n\n\n<p><\/p>\n\n\n\n<p><\/p>\n\n\n\n<p><\/p>\n\n\n\n<p><\/p>\n\n\n\n<p class=\"has-light-green-cyan-background-color has-background has-medium-font-size\">Dezember 2026<\/p>\n\n\n\n<p class=\"has-vivid-cyan-blue-color has-text-color has-link-color has-medium-font-size wp-elements-9d592cff18b9fb69b29216d45609e20f\">Montag, 7.12. &#8211; Freitag, 11.12.2026<\/p>\n\n\n\n<p>Elternsprechtage der Klassen 4<\/p>\n\n\n\n<p><\/p>\n\n\n\n<p><\/p>\n\n\n\n<p><\/p>\n\n\n\n<h2 class=\"wp-block-heading has-vivid-cyan-blue-color has-text-color has-link-color has-medium-font-size wp-elements-425d3560775fd9f1542e7f54c59cda1e\">Freitag, 18.12.2026<\/h2>\n\n\n\n<p>Adventsgottesdienst in der Johanneskirche<\/p>\n\n\n\n<p><\/p>\n\n\n\n<p><\/p>\n\n\n\n<h2 class=\"wp-block-heading has-luminous-vivid-orange-color has-text-color\">23.12.2026 &#8211; 06.01.2027<\/h2>\n\n\n\n<p>Weihnachtsferien<\/p>\n\n\n\n<p><\/p>\n\n\n\n<p><\/p>\n\n\n\n<p><\/p>\n\n\n\n<p class=\"has-light-green-cyan-background-color has-background has-medium-font-size\">Januar 2027<\/p>\n\n\n\n<h2 class=\"wp-block-heading\"><\/h2>\n\n\n\n<p><\/p>\n\n\n\n<p><\/p>\n\n\n\n<p><\/p>\n\n\n\n<p class=\"has-light-green-cyan-background-color has-background has-medium-font-size\">Februar 2027<\/p>\n\n\n\n<h2 class=\"wp-block-heading has-vivid-cyan-blue-color has-text-color has-link-color wp-elements-c9fde381c3a5736ad16aad4b7aa3173c\">Freitag, 05.02.2027<\/h2>\n\n\n\n<p>Karnevalfeier<\/p>\n\n\n\n<p><\/p>\n\n\n\n<p><\/p>\n\n\n\n<h2 class=\"wp-block-heading has-luminous-vivid-orange-color has-text-color has-link-color wp-elements-819a1bde538eff31f93a1ec961df7747\">Montag, 08.02.2027<\/h2>\n\n\n\n<p>Beweglicher Ferientag &#8211; Rosenmontag<\/p>\n\n\n\n<p><\/p>\n\n\n\n<p><\/p>\n\n\n\n<h2 class=\"wp-block-heading has-vivid-cyan-blue-color has-text-color has-link-color has-medium-font-size wp-elements-847cdd494b919e5f22c6155a29c464d8\">Freitag, 12.02.2027<\/h2>\n\n\n\n<p>Ausgabe der Halbjahreszeugnisse Jahrgang 3 und 4<\/p>\n\n\n\n<p><\/p>\n\n\n\n<p><\/p>\n\n\n\n<p><\/p>\n\n\n\n<p class=\"has-light-green-cyan-background-color has-background has-medium-font-size\">M\u00e4rz 2027<\/p>\n\n\n\n<h2 class=\"wp-block-heading has-luminous-vivid-orange-color has-text-color\">22.03.2027 &#8211; 02.04.2027<\/h2>\n\n\n\n<p>Osterferien<\/p>\n\n\n\n<p><\/p>\n\n\n\n<p><\/p>\n\n\n\n<p><\/p>\n\n\n\n<p><\/p>\n\n\n\n<p class=\"has-light-green-cyan-background-color has-background has-medium-font-size\">April 2027<\/p>\n\n\n\n<h2 class=\"wp-block-heading has-vivid-cyan-blue-color has-text-color\">Donnerstag, 08.04.2027<\/h2>\n\n\n\n<p>K\u00e4nguru Wettbewerb (Jahrgang 3 und 4)<\/p>\n\n\n\n<p><\/p>\n\n\n\n<p><\/p>\n\n\n\n<p class=\"has-vivid-cyan-blue-color has-text-color has-link-color has-medium-font-size wp-elements-208f80d5e6fed01d67f86c93cf0fe4a6\">Montag, 12.04. &#8211; Freitag, 16.04.2026<\/p>\n\n\n\n<p>Elternsprechtage der Klassen 1 bis 3<\/p>\n\n\n\n<p><\/p>\n\n\n\n<p><\/p>\n\n\n\n<p class=\"has-vivid-cyan-blue-color has-text-color has-link-color has-medium-font-size wp-elements-d8b31ad94d3cea4a8a63094ae7251bec\">Montag, 26.04. 2027<\/p>\n\n\n\n<p>Beginn Zirkusprojekt<\/p>\n\n\n\n<p><\/p>\n\n\n\n<p><\/p>\n\n\n\n<p><\/p>\n\n\n\n<p class=\"has-light-green-cyan-background-color has-background has-medium-font-size\">Mai 2027<\/p>\n\n\n\n<p><\/p>\n\n\n\n<p><\/p>\n\n\n\n<h2 class=\"wp-block-heading has-luminous-vivid-orange-color has-text-color\">Donnerstag, 06.05.2027<\/h2>\n\n\n\n<p>Christi Himmelfahrt &#8211; Feiertag (unterrichtsfrei)<\/p>\n\n\n\n<p><\/p>\n\n\n\n<h2 class=\"wp-block-heading has-luminous-vivid-orange-color has-text-color\">Freitag, 07.05.2027<\/h2>\n\n\n\n<p>Beweglicher Ferientag<\/p>\n\n\n\n<p><\/p>\n\n\n\n<h2 class=\"wp-block-heading has-luminous-vivid-orange-color has-text-color\">Montag, 17.05.2027<\/h2>\n\n\n\n<p>Pfingstmontag &#8211; Feiertag (unterrichtsfrei)<\/p>\n\n\n\n<h2 class=\"wp-block-heading has-luminous-vivid-orange-color has-text-color has-link-color wp-elements-ea7f25f65a7333e26691c52ce05e9e24\">Dienstag, 18.05.2027<\/h2>\n\n\n\n<p>Pfingstferien<\/p>\n\n\n\n<p><\/p>\n\n\n\n<h2 class=\"wp-block-heading has-luminous-vivid-orange-color has-text-color has-link-color wp-elements-436280a81d4317b7ef8937e939a53b53\">Donnerstag, 27.05.2027<\/h2>\n\n\n\n<p>Fronleichnam &#8211; Feiertag (unterrichtsfrei)<\/p>\n\n\n\n<p><\/p>\n\n\n\n<h2 class=\"wp-block-heading has-luminous-vivid-orange-color has-text-color has-link-color wp-elements-103b6ada312278a16e683b5911734204\">Freitag, 28.05.2027<\/h2>\n\n\n\n<p>Beweglicher Ferientag<\/p>\n\n\n\n<p><\/p>\n\n\n\n<p class=\"has-light-green-cyan-background-color has-background has-medium-font-size\">Juni 2027<\/p>\n\n\n\n<p class=\"has-vivid-cyan-blue-color has-text-color has-link-color has-medium-font-size wp-elements-1299d38c2acb9fda407b8e3c8e9a6371\">Mittwoch, 23.06.2027<\/p>\n\n\n\n<p>19 Uhr Infoabend f\u00fcr die Eltern der zuk\u00fcnftigen Schulanf\u00e4ngen<\/p>\n\n\n\n<p><\/p>\n\n\n\n<p><\/p>\n\n\n\n<p><\/p>\n\n\n\n<p><\/p>\n\n\n\n<p><\/p>\n\n\n\n<p class=\"has-light-green-cyan-background-color has-background has-medium-font-size\">Juli 2027<\/p>\n\n\n\n<p class=\"has-vivid-cyan-blue-color has-text-color has-link-color has-medium-font-size wp-elements-715beaea1f260c8fae3d42650f1ca024\">14.07.2027<\/p>\n\n\n\n<p>Zeugnisausgabe f\u00fcr die Jahrg\u00e4nge 1 &#8211; 3<\/p>\n\n\n\n<p><\/p>\n\n\n\n<p><\/p>\n\n\n\n<h2 class=\"wp-block-heading has-luminous-vivid-orange-color has-text-color has-link-color wp-elements-458d88c789bd087360b941d87c88bba5\">19.07.2027 &#8211; 31.08.2027<\/h2>\n\n\n\n<p>Sommerferien<\/p>\n\n\n\n<p><\/p>\n\n\n\n<p><\/p>\n","protected":false},"excerpt":{"rendered":"<p>14.07.2025 &#8211; 01.09.2026 Sommerferien September 2026 Mittwoch, 02.09.2026 Erster Schultag der Klassen 2 &#8211; 4 Unterrichtszeit 8 bis 11.30 Uhr Donnerstag, 03.09.2026 Einschulung: Gottesdienst in der Johanneskirche (09.00 Uhr), Einschulungsfeier in der Albert-Schweitzer-Schule (10.00 Uhr) Montag, 14.09.2026 19 Uhr Klassenpflegschaften der Klassen 3 Mittwoch, 16.09.2026 19 Uhr Klassenpflegschaften der Klassen 2 Donnerstag, 17.09.2026 19 Uhr &hellip; <\/p>\n<p class=\"link-more\"><a href=\"https:\/\/albert-schweitzer-schule-oe.de\/?page_id=440\" class=\"more-link\"><span class=\"screen-reader-text\">\u201eTermine\u201c<\/span> weiterlesen<\/a><\/p>\n","protected":false},"author":1,"featured_media":0,"parent":0,"menu_order":0,"comment_status":"closed","ping_status":"closed","template":"","meta":{"footnotes":""},"class_list":["post-440","page","type-page","status-publish","hentry"],"_links":{"self":[{"href":"https:\/\/albert-schweitzer-schule-oe.de\/index.php?rest_route=\/wp\/v2\/pages\/440","targetHints":{"allow":["GET"]}}],"collection":[{"href":"https:\/\/albert-schweitzer-schule-oe.de\/index.php?rest_route=\/wp\/v2\/pages"}],"about":[{"href":"https:\/\/albert-schweitzer-schule-oe.de\/index.php?rest_route=\/wp\/v2\/types\/page"}],"author":[{"embeddable":true,"href":"https:\/\/albert-schweitzer-schule-oe.de\/index.php?rest_route=\/wp\/v2\/users\/1"}],"replies":[{"embeddable":true,"href":"https:\/\/albert-schweitzer-schule-oe.de\/index.php?rest_route=%2Fwp%2Fv2%2Fcomments&post=440"}],"version-history":[{"count":218,"href":"https:\/\/albert-schweitzer-schule-oe.de\/index.php?rest_route=\/wp\/v2\/pages\/440\/revisions"}],"predecessor-version":[{"id":2179,"href":"https:\/\/albert-schweitzer-schule-oe.de\/index.php?rest_route=\/wp\/v2\/pages\/440\/revisions\/2179"}],"wp:attachment":[{"href":"https:\/\/albert-schweitzer-schule-oe.de\/index.php?rest_route=%2Fwp%2Fv2%2Fmedia&parent=440"}],"curies":[{"name":"wp","href":"https:\/\/api.w.org\/{rel}","templated":true}]}}

<p></p>



<h2 class="wp-block-heading has-luminous-vivid-orange-color has-text-color">14.07.2025 &#8211; 01.09.2026</h2>



<p>Sommerferien</p>



<p></p>



<p class="has-light-green-cyan-background-color has-background has-medium-font-size">September 2026</p>



<h2 class="wp-block-heading has-vivid-cyan-blue-color has-text-color">Mittwoch, 02.09.2026</h2>



<p></p>



<p>Erster Schultag der Klassen 2 &#8211; 4</p>



<p>Unterrichtszeit 8 bis 11.30 Uhr</p>



<p></p>



<p></p>



<h2 class="wp-block-heading has-vivid-cyan-blue-color has-text-color">Donnerstag, 03.09.2026</h2>



<p>Einschulung: Gottesdienst in der Johanneskirche (09.00 Uhr), </p>



<p>Einschulungsfeier in der Albert-Schweitzer-Schule (10.00 Uhr)</p>



<p></p>



<p></p>



<p></p>



<p class="has-vivid-cyan-blue-color has-text-color has-link-color has-medium-font-size wp-elements-7d5eee66c0c3e09dcb8d139d3145cc5b">Montag, 14.09.2026</p>



<p>19 Uhr Klassenpflegschaften der Klassen 3</p>



<p></p>



<p></p>



<h2 class="wp-block-heading has-vivid-cyan-blue-color has-text-color has-link-color has-medium-font-size wp-elements-09af6f0b78459019e16620d0e9a6ffd1">Mittwoch, 16.09.2026</h2>



<p>19 Uhr Klassenpflegschaften der Klassen 2</p>



<p></p>



<p></p>



<h2 class="wp-block-heading has-vivid-cyan-blue-color has-text-color has-link-color has-medium-font-size wp-elements-ee0fc183408a3e2d6231983fb92c22a8">Donnerstag, 17.09.2026</h2>



<p>19 Uhr Klassenpflegschaften der Klassen 4</p>



<p></p>



<p></p>



<p></p>



<h2 class="wp-block-heading has-vivid-cyan-blue-color has-text-color has-link-color has-medium-font-size wp-elements-627ac2711c2eb1cb959d3e413333d693">21.09. &#8211; 23.09.2026</h2>



<p>Klassenfahrt der 4. Klassen </p>



<p></p>



<p></p>



<p></p>



<p class="has-vivid-cyan-blue-color has-text-color has-link-color has-medium-font-size wp-elements-e98bfc5b37a868c18e7e74a1c86bea03">Donnerstag, 24.09.2026</p>



<p>18.30 Uhr Info-Abend Schulanmeldung</p>



<p></p>



<p></p>



<p class="has-vivid-cyan-blue-color has-text-color has-link-color has-medium-font-size wp-elements-7c5f251d7ad4914fa43f1d1df146ef1a">Montag, 28.09.2026</p>



<p>18 Uhr Schulpflegschaft</p>



<p>19 Uhr Schulkonferenz</p>



<p></p>



<p></p>



<h2 class="wp-block-heading has-vivid-cyan-blue-color has-text-color has-link-color has-medium-font-size wp-elements-3b8e18600d60b85409e5401bf31acd62">Mittwoch, 30.09.2026</h2>



<p>Tag der offenen Tür 10 &#8211; 11.30 Uhr</p>



<p></p>



<p></p>



<p class="has-light-green-cyan-background-color has-background has-medium-font-size">Oktober 2026</p>



<p class="has-vivid-cyan-blue-color has-text-color has-link-color has-medium-font-size wp-elements-3b0f84bb3f63f88f65ccf76268154636">05.10. &#8211; 09.10.2026</p>



<p>Schulanmeldung der zukünftigen Erstklässer für das Schuljahr 2027/28</p>



<p></p>



<p></p>



<h2 class="wp-block-heading has-luminous-vivid-orange-color has-text-color has-link-color has-medium-font-size wp-elements-5793a8927e0ddaf2be24f80b91bbf69e">19.10.2026 &#8211; 01.11.2026</h2>



<p>Herbstferien</p>



<p></p>



<p></p>



<p></p>



<p class="has-light-green-cyan-background-color has-background has-medium-font-size">November 2026</p>



<h2 class="wp-block-heading has-vivid-cyan-blue-color has-text-color">Dienstag, 03.11.2026</h2>



<p>Heureka Wettbewerb (Jahrgang 3 und 4)</p>



<p></p>



<p></p>



<h2 class="wp-block-heading has-vivid-cyan-blue-color has-text-color has-link-color has-medium-font-size wp-elements-8f40996f7dad83c461abad64836a801f">Freitag, 20.11.2026</h2>



<p>Vorlesetag</p>



<p></p>



<p></p>



<p class="has-vivid-cyan-blue-color has-text-color has-link-color has-medium-font-size wp-elements-20ab6937ffb87d57221e266bb3f21706">Montag, 23.11. &#8211; Freitag, 27.11.2026</p>



<p>Elternsprechtage der Klassen 1 bis 3</p>



<p></p>



<p></p>



<p></p>



<p></p>



<p class="has-light-green-cyan-background-color has-background has-medium-font-size">Dezember 2026</p>



<p class="has-vivid-cyan-blue-color has-text-color has-link-color has-medium-font-size wp-elements-9d592cff18b9fb69b29216d45609e20f">Montag, 7.12. &#8211; Freitag, 11.12.2026</p>



<p>Elternsprechtage der Klassen 4</p>



<p></p>



<p></p>



<p></p>



<h2 class="wp-block-heading has-vivid-cyan-blue-color has-text-color has-link-color has-medium-font-size wp-elements-425d3560775fd9f1542e7f54c59cda1e">Freitag, 18.12.2026</h2>



<p>Adventsgottesdienst in der Johanneskirche</p>



<p></p>



<p></p>



<h2 class="wp-block-heading has-luminous-vivid-orange-color has-text-color">23.12.2026 &#8211; 06.01.2027</h2>



<p>Weihnachtsferien</p>



<p></p>



<p></p>



<p></p>



<p class="has-light-green-cyan-background-color has-background has-medium-font-size">Januar 2027</p>



<h2 class="wp-block-heading"></h2>



<p></p>



<p></p>



<p></p>



<p class="has-light-green-cyan-background-color has-background has-medium-font-size">Februar 2027</p>



<h2 class="wp-block-heading has-vivid-cyan-blue-color has-text-color has-link-color wp-elements-c9fde381c3a5736ad16aad4b7aa3173c">Freitag, 05.02.2027</h2>



<p>Karnevalfeier</p>



<p></p>



<p></p>



<h2 class="wp-block-heading has-luminous-vivid-orange-color has-text-color has-link-color wp-elements-819a1bde538eff31f93a1ec961df7747">Montag, 08.02.2027</h2>



<p>Beweglicher Ferientag &#8211; Rosenmontag</p>



<p></p>



<p></p>



<h2 class="wp-block-heading has-vivid-cyan-blue-color has-text-color has-link-color has-medium-font-size wp-elements-847cdd494b919e5f22c6155a29c464d8">Freitag, 12.02.2027</h2>



<p>Ausgabe der Halbjahreszeugnisse Jahrgang 3 und 4</p>



<p></p>



<p></p>



<p></p>



<p class="has-light-green-cyan-background-color has-background has-medium-font-size">März 2027</p>



<h2 class="wp-block-heading has-luminous-vivid-orange-color has-text-color">22.03.2027 &#8211; 02.04.2027</h2>



<p>Osterferien</p>



<p></p>



<p></p>



<p></p>



<p></p>



<p class="has-light-green-cyan-background-color has-background has-medium-font-size">April 2027</p>



<h2 class="wp-block-heading has-vivid-cyan-blue-color has-text-color">Donnerstag, 08.04.2027</h2>



<p>Känguru Wettbewerb (Jahrgang 3 und 4)</p>



<p></p>



<p></p>



<p class="has-vivid-cyan-blue-color has-text-color has-link-color has-medium-font-size wp-elements-208f80d5e6fed01d67f86c93cf0fe4a6">Montag, 12.04. &#8211; Freitag, 16.04.2026</p>



<p>Elternsprechtage der Klassen 1 bis 3</p>



<p></p>



<p></p>



<p class="has-vivid-cyan-blue-color has-text-color has-link-color has-medium-font-size wp-elements-d8b31ad94d3cea4a8a63094ae7251bec">Montag, 26.04. 2027</p>



<p>Beginn Zirkusprojekt</p>



<p></p>



<p></p>



<p></p>



<p class="has-light-green-cyan-background-color has-background has-medium-font-size">Mai 2027</p>



<p></p>



<p></p>



<h2 class="wp-block-heading has-luminous-vivid-orange-color has-text-color">Donnerstag, 06.05.2027</h2>



<p>Christi Himmelfahrt &#8211; Feiertag (unterrichtsfrei)</p>



<p></p>



<h2 class="wp-block-heading has-luminous-vivid-orange-color has-text-color">Freitag, 07.05.2027</h2>



<p>Beweglicher Ferientag</p>



<p></p>



<h2 class="wp-block-heading has-luminous-vivid-orange-color has-text-color">Montag, 17.05.2027</h2>



<p>Pfingstmontag &#8211; Feiertag (unterrichtsfrei)</p>



<h2 class="wp-block-heading has-luminous-vivid-orange-color has-text-color has-link-color wp-elements-ea7f25f65a7333e26691c52ce05e9e24">Dienstag, 18.05.2027</h2>



<p>Pfingstferien</p>



<p></p>



<h2 class="wp-block-heading has-luminous-vivid-orange-color has-text-color has-link-color wp-elements-436280a81d4317b7ef8937e939a53b53">Donnerstag, 27.05.2027</h2>



<p>Fronleichnam &#8211; Feiertag (unterrichtsfrei)</p>



<p></p>



<h2 class="wp-block-heading has-luminous-vivid-orange-color has-text-color has-link-color wp-elements-103b6ada312278a16e683b5911734204">Freitag, 28.05.2027</h2>



<p>Beweglicher Ferientag</p>



<p></p>



<p class="has-light-green-cyan-background-color has-background has-medium-font-size">Juni 2027</p>



<p class="has-vivid-cyan-blue-color has-text-color has-link-color has-medium-font-size wp-elements-1299d38c2acb9fda407b8e3c8e9a6371">Mittwoch, 23.06.2027</p>



<p>19 Uhr Infoabend für die Eltern der zukünftigen Schulanfängen</p>



<p></p>



<p></p>



<p></p>



<p></p>



<p></p>



<p class="has-light-green-cyan-background-color has-background has-medium-font-size">Juli 2027</p>



<p class="has-vivid-cyan-blue-color has-text-color has-link-color has-medium-font-size wp-elements-715beaea1f260c8fae3d42650f1ca024">14.07.2027</p>



<p>Zeugnisausgabe für die Jahrgänge 1 &#8211; 3</p>



<p></p>



<p></p>



<h2 class="wp-block-heading has-luminous-vivid-orange-color has-text-color has-link-color wp-elements-458d88c789bd087360b941d87c88bba5">19.07.2027 &#8211; 31.08.2027</h2>



<p>Sommerferien</p>



<p></p>



<p></p>
