{"id":406,"date":"2020-04-27T15:02:34","date_gmt":"2020-04-27T15:02:34","guid":{"rendered":"http:\/\/albert-schweitzer-schule-oe.de\/?page_id=406"},"modified":"2020-04-29T07:35:15","modified_gmt":"2020-04-29T07:35:15","slug":"kontakt-2","status":"publish","type":"page","link":"https:\/\/albert-schweitzer-schule-oe.de\/?page_id=406","title":{"rendered":"Kontakt"},"content":{"rendered":"<p>\n<!--StartFragment--><\/p>\n\n\n<p class=\"has-medium-font-size\"><strong>Freunde und F\u00f6rderer der Albert-Schweitzer-Grundschule e.V.<\/strong><\/p>\n\n\n\n<p>Mit\nIhren Fragen, W\u00fcnschen und Anregungen wenden Sie sich gerne an:<\/p>\n\n\n\n<p>K\u00f6nigsberger\nStr. 9<\/p>\n\n\n\n<p>45739\nOer-Erkenschwick<\/p>\n\n\n\n<p><a href=\"mailto:foerderverein@grundschule-albertschweitzer.de\">foerderverein@grundschule-albertschweitzer.de<\/a><\/p>\n\n\n\n<h1 class=\"wp-block-heading\"><\/h1>\n\n\n\n<p>AG\nRecklinghausen VR 1985<\/p>\n\n\n\n<p>Steuernr. 340\/5760\/0477<\/p>\n\n\n\n<h2 class=\"wp-block-heading\"><\/h2>\n\n\n\n<p class=\"has-medium-font-size\">Vertreten\ndurch den Vorstand<\/p>\n\n\n\n<p>Andr\u00e9\nGesing, Vorsitzender<\/p>\n\n\n\n<p>Volker\nPrzygoda<\/p>\n\n\n\n<p>Heike\nSchmidt<\/p>\n\n\n<p><!--EndFragment--><\/p>","protected":false},"excerpt":{"rendered":"<p>Freunde und F\u00f6rderer der Albert-Schweitzer-Grundschule e.V. Mit Ihren Fragen, W\u00fcnschen und Anregungen wenden Sie sich gerne an: K\u00f6nigsberger Str. 9 45739 Oer-Erkenschwick foerderverein@grundschule-albertschweitzer.de AG Recklinghausen VR 1985 Steuernr. 340\/5760\/0477 Vertreten durch den Vorstand Andr\u00e9 Gesing, Vorsitzender Volker Przygoda Heike Schmidt<\/p>\n","protected":false},"author":1,"featured_media":0,"parent":26,"menu_order":0,"comment_status":"closed","ping_status":"closed","template":"","meta":{"footnotes":""},"class_list":["post-406","page","type-page","status-publish","hentry"],"_links":{"self":[{"href":"https:\/\/albert-schweitzer-schule-oe.de\/index.php?rest_route=\/wp\/v2\/pages\/406","targetHints":{"allow":["GET"]}}],"collection":[{"href":"https:\/\/albert-schweitzer-schule-oe.de\/index.php?rest_route=\/wp\/v2\/pages"}],"about":[{"href":"https:\/\/albert-schweitzer-schule-oe.de\/index.php?rest_route=\/wp\/v2\/types\/page"}],"author":[{"embeddable":true,"href":"https:\/\/albert-schweitzer-schule-oe.de\/index.php?rest_route=\/wp\/v2\/users\/1"}],"replies":[{"embeddable":true,"href":"https:\/\/albert-schweitzer-schule-oe.de\/index.php?rest_route=%2Fwp%2Fv2%2Fcomments&post=406"}],"version-history":[{"count":4,"href":"https:\/\/albert-schweitzer-schule-oe.de\/index.php?rest_route=\/wp\/v2\/pages\/406\/revisions"}],"predecessor-version":[{"id":1548,"href":"https:\/\/albert-schweitzer-schule-oe.de\/index.php?rest_route=\/wp\/v2\/pages\/406\/revisions\/1548"}],"up":[{"embeddable":true,"href":"https:\/\/albert-schweitzer-schule-oe.de\/index.php?rest_route=\/wp\/v2\/pages\/26"}],"wp:attachment":[{"href":"https:\/\/albert-schweitzer-schule-oe.de\/index.php?rest_route=%2Fwp%2Fv2%2Fmedia&parent=406"}],"curies":[{"name":"wp","href":"https:\/\/api.w.org\/{rel}","templated":true}]}}